Let n be (2 + (-44)/(-8))/(2/24). Calculate the greatest common divisor of 10 and n.
10
Let a(m) = 132*m. Let p be a(1). Let l = 36 + -24. What is the highest common divisor of p and l?
12
Suppose 5*y + 15 = -0. Let z = 24 + y. Calculate the highest common divisor of 105 and z.
21
Let g be ((-38)/3)/((-9)/((-54)/(-4))). Calculate the highest common divisor of 19 and g.
19
Suppose o + 3 - 10 = r, -4 = -2*o - 3*r. Suppose 3 = o*j - 2, 4*j = 4*i - 8. What is the highest common factor of 3 and i?
3
Let p = 59 + -98. Let c = -19 - p. What is the greatest common factor of 20 and c?
20
Let p be 53/11 - 6/(-33). Suppose p*s - 296 = 134. Suppose -3*g - 4*i = -s, 2*i + 132 = 5*g + 6. What is the highest common divisor of 39 and g?
13
Suppose 0 = -c + s - 6*s + 4, -15 = 3*s. Let y = 51 - c. Calculate the highest common factor of y and 242.
22
Let k(v) = -18*v - 11. Let i be k(-2). Calculate the greatest common divisor of 200 and i.
25
Let a = 27 + -11. What is the greatest common factor of a and 24?
8
Suppose 3*r - 252 = r. Suppose 0*i - i + r = 0. What is the greatest common factor of 14 and i?
14
Suppose -2 - 4 = -2*b. Let l be 26/b + (-4)/(-12). What is the highest common factor of 3 and l?
3
Let t(i) = -51*i**2 - 2*i + 6. Let h(d) = 17*d**2 + d - 2. Let x(n) = -8*h(n) - 3*t(n). Let q be x(2). What is the highest common divisor of q and 93?
31
Let s be (-6)/(-4)*(46 - (4 + -4)). Calculate the highest common divisor of s and 23.
23
Suppose 0 = -j - 0*j + 16. Calculate the highest common factor of j and 144.
16
Let k be 5*(0 + 1) - (-18 - -21). Calculate the greatest common divisor of k and 3.
1
Suppose 0 = i - 35 + 11. Calculate the highest common divisor of 36 and i.
12
Let h be (-2)/(-1 - (-27)/33). Suppose 3*d - 50 = -h. What is the greatest common divisor of d and 13?
13
Suppose 16*t + 27 = 17*t. What is the highest common divisor of 270 and t?
27
Let i be (-30)/(-2) - (-12)/(-4). What is the greatest common factor of i and 24?
12
Let j = 318 + 87. Calculate the highest common divisor of j and 45.
45
Let y be 66/(-9)*(-6)/4. What is the greatest common factor of 22 and y?
11
Suppose 7 = -b - 5*l, -59 = -3*b + 8*l - 3*l. Calculate the highest common divisor of b and 143.
13
Suppose j + 27 = 37. Calculate the greatest common divisor of j and 110.
10
Let d(n) = -74*n**3 + n**2 + 2*n + 1. Let x be d(-1). Let b = x - 34. Calculate the highest common factor of 10 and b.
10
Let x be ((-1)/(-4))/(1/164). Let n = -17 + x. What is the greatest common factor of 4 and n?
4
Let v = 92 + -57. What is the highest common divisor of 5 and v?
5
Let d(v) = 41*v**3 + 2*v**2 - 1. Let i be (-2)/(-4)*4 - 1. Let j be d(i). Let l = 75 - j. Calculate the highest common divisor of 11 and l.
11
Let z be 3 + -3 + 3 + -23. Let y be ((-64)/z)/((-2)/(-70)). What is the greatest common factor of 16 and y?
16
Suppose -3*h + 3*i + 18 = 0, 3*h - 2*i = -7*i - 6. Calculate the greatest common divisor of 2 and h.
1
Let h be (-3 + -184*1)*-1. Let l = 54 + -37. What is the greatest common factor of l and h?
17
Suppose -3*v + 14 = 2. Let w(c) = 8*c - 5. Let o be w(v). What is the greatest common factor of o and 3?
3
Let s be 0*1/(-2) + 4. Let n be 5/s*(1 - -43). Suppose 0 = k + 7 - 29. What is the greatest common divisor of k and n?
11
Suppose 7*u + 36 = 10*u. Let y = 5 + u. Calculate the greatest common divisor of 17 and y.
17
Suppose -3*i + 5*k + 60 = 0, -7*i = -5*i + k - 40. Let j be (10 - 0)*(11 + 3). What is the highest common factor of j and i?
20
Let b(o) = o**3 + 12*o**2 + 10*o + 11. Let m be b(-11). What is the greatest common divisor of 33 and m?
11
Let v be (3/2)/(6/(-8)). Let o(u) = u**3 + 3*u**2 + u - 1. Let l be o(v). Calculate the greatest common divisor of 8 and l.
1
Suppose 0 = 2*j - 232 + 196. What is the highest common factor of j and 27?
9
Suppose 7 = 3*k - b - 0*b, 2*b = -2*k + 10. Suppose 0 = k*f - 2*f - 8. What is the greatest common factor of f and 8?
8
Suppose -3*n + 5*n - 8 = 0. Let x = 6 - n. Suppose 4*s = -4*z + 20, 5*z - 17 = -x*s - s. What is the greatest common divisor of 9 and z?
1
Let n(d) = -d**3 - 8*d**2 + 5*d - 12. Suppose 0 = -2*x - 10 - 8. Let r be n(x). What is the greatest common factor of 3 and r?
3
Let q be (2/4 - 1)*-4. What is the greatest common factor of q and 5?
1
Let i(g) = -g**3 - 3*g**2 - 3*g - 6. Let w be i(-4). Calculate the greatest common factor of 55 and w.
11
Let i be (42/(-8))/(-7)*8. Let w be (20/(-15))/((-1)/i). Calculate the greatest common factor of 2 and w.
2
Suppose 17 + 31 = 4*z. Calculate the greatest common divisor of z and 12.
12
Let f(t) = 2*t**3 - 4*t**2 + 3*t. Let z be f(3). Calculate the highest common divisor of z and 45.
9
Let i be (2 - -2)*(-30)/(-8). Let c be (-3)/(-2) + i/6. Let d be 64/10 + (-8)/20. What is the highest common factor of c and d?
2
Let d be (11/(-33))/(1/(-15)). Calculate the greatest common divisor of d and 20.
5
Suppose 36 = 2*c + 2*r - 44, 2*c + r = 82. Calculate the greatest common factor of 6 and c.
6
Suppose 20 + 37 = 4*s + i, -5*i - 65 = -5*s. Calculate the greatest common factor of 2 and s.
2
Suppose 3*a + 4*v + 0*v = 19, 2*a - 2*v = -6. Let o(k) = a + 7 + 2 + 5*k. Let f be o(10). Calculate the greatest common divisor of f and 24.
12
Suppose 939 = 3*l + 3*u, 274 = 4*l - u - 953. Suppose 0*j - 4*j - 5*q = -607, -2*q = -2*j + l. Calculate the greatest common divisor of 17 and j.
17
Let j be (39/104*28)/((-6)/(-4)). Let a be (4/(-6))/((-4)/246). Let y = 62 - a. Calculate the highest common divisor of y and j.
7
Suppose 0*t + 4*t - 8 = 0. Suppose -t*f + 157 = k, -2*k + 25 = 3*k. Calculate the highest common divisor of f and 19.
19
Suppose -2*r = -30 - 0. Calculate the highest common factor of 135 and r.
15
Let b = 115 - 43. What is the greatest common divisor of b and 6?
6
Suppose 6 = 3*p - 6. Suppose 3*m - p*l - 102 = 84, -m + 63 = -l. What is the greatest common divisor of 11 and m?
11
Let z(q) = 49*q**2 - q. Let r be z(-1). Suppose -5*b + r = -0*b. Let j = -38 - -78. Calculate the greatest common divisor of b and j.
10
Let d = 130 + -119. Calculate the highest common factor of 33 and d.
11
Suppose -1 = 4*f - 57. Let z = -52 - -87. Calculate the greatest common factor of z and f.
7
Suppose -a - 4*i + 28 + 1 = 0, -5*a - 3*i = -60. Suppose h - 18 - 18 = 0. What is the greatest common factor of a and h?
9
Let q(y) = -24*y + 2. Let w be q(-1). What is the highest common divisor of w and 26?
26
Suppose -36 = -3*h + 42. What is the greatest common factor of h and 26?
26
Suppose -3*l - l + 132 = 0. What is the greatest common factor of 363 and l?
33
Let q(o) = -o + 23. Let g be q(10). Let b = 109 - 57. Calculate the highest common divisor of b and g.
13
Suppose -6*b = -b - 3000. Suppose -5*c + b = 100. What is the highest common factor of c and 20?
20
Suppose -5*v = 2*a + 2*a - 196, 128 = 2*a - 5*v. Calculate the greatest common factor of 18 and a.
18
Let u(v) = 7*v**3 + 2*v**2 - 1. Let h be u(1). Calculate the greatest common factor of h and 28.
4
Suppose -2*o + 4*k = -44, -8 = -4*o + k + 73. Let s = o + 15. What is the highest common divisor of 5 and s?
5
Suppose -2*a + 135 = -3*y - 2*y, 0 = -a + 3*y + 68. Suppose 0*m - a = -5*m. Calculate the greatest common factor of 52 and m.
13
Let s(o) = 2*o - 2. Let t be s(-3). Let p = 12 + t. Suppose 8 = p*i - 8. What is the highest common divisor of i and 32?
4
Suppose 6*s - 207 = -3*x + 3*s, -215 = -3*x + 5*s. Let m(r) = -2*r**2 + r - 1. Let u be m(3). Let b = u - -30. Calculate the highest common divisor of x and b.
14
Let c(r) = -40*r**3 - r**2 + r + 1. Let l be c(-1). Calculate the greatest common divisor of 26 and l.
13
Suppose -2*s + 0*s + 8 = 0. Suppose 3*x + 3 = -s*k + 58, 0 = 3*x - 3. Let z be -2*4*(-15 - -2). What is the greatest common divisor of k and z?
13
Let v(w) = w**2 + 7*w + 5. Let o be v(-8). Let d = 76 - o. Calculate the greatest common factor of 7 and d.
7
Let l(o) = -o - 6. Let x be l(-7). What is the greatest common factor of 1 and x?
1
Let w = 3 - -57. Calculate the highest common divisor of 40 and w.
20
Let d = -1 + 2. Let w be 0/((-2)/d*1). Suppose 0 = 5*l + z - 4, -l + z - 4*z - 2 = w. What is the greatest common factor of l and 9?
1
Let s be 3*((-24)/9)/(-2). Suppose -r + s*h + 58 = -0*r, 5*r = -h + 206. What is the highest 